{"id":3,"date":"2023-03-21T10:28:32","date_gmt":"2023-03-21T09:28:32","guid":{"rendered":"https:\/\/www.vikkisoft.eu\/?page_id=3"},"modified":"2023-03-26T17:10:30","modified_gmt":"2023-03-26T15:10:30","slug":"ochrana-sukromia","status":"publish","type":"page","link":"https:\/\/www.vikkisoft.eu\/index.php\/ochrana-sukromia\/","title":{"rendered":"Z\u00e1sady ochrany osobn\u00fdch \u00fadajov"},"content":{"rendered":"\t\t<div data-elementor-type=\"wp-page\" data-elementor-id=\"3\" class=\"elementor elementor-3\">\n\t\t\t\t\t\t\t\t\t<section class=\"elementor-section elementor-top-section elementor-element elementor-element-348bac02 elementor-section-boxed elementor-section-height-default elementor-section-height-default\" data-id=\"348bac02\" data-element_type=\"section\">\n\t\t\t\t\t\t<div class=\"elementor-container elementor-column-gap-default\">\n\t\t\t\t\t<div class=\"elementor-column elementor-col-100 elementor-top-column elementor-element elementor-element-4d64c233\" data-id=\"4d64c233\" data-element_type=\"column\">\n\t\t\t<div class=\"elementor-widget-wrap elementor-element-populated\">\n\t\t\t\t\t\t\t\t<div class=\"elementor-element elementor-element-7e9bc371 elementor-widget elementor-widget-text-editor\" data-id=\"7e9bc371\" data-element_type=\"widget\" data-widget_type=\"text-editor.default\">\n\t\t\t\t<div class=\"elementor-widget-container\">\n\t\t\t<style>\/*! elementor - v3.11.5 - 14-03-2023 *\/\n.elementor-widget-text-editor.elementor-drop-cap-view-stacked .elementor-drop-cap{background-color:#818a91;color:#fff}.elementor-widget-text-editor.elementor-drop-cap-view-framed .elementor-drop-cap{color:#818a91;border:3px solid;background-color:transparent}.elementor-widget-text-editor:not(.elementor-drop-cap-view-default) .elementor-drop-cap{margin-top:8px}.elementor-widget-text-editor:not(.elementor-drop-cap-view-default) .elementor-drop-cap-letter{width:1em;height:1em}.elementor-widget-text-editor .elementor-drop-cap{float:left;text-align:center;line-height:1;font-size:50px}.elementor-widget-text-editor .elementor-drop-cap-letter{display:inline-block}<\/style>\t\t\t\t<!-- wp:heading -->\n<h1>Z\u00e1sady ochrany osobn\u00fdch \u00fadajov<\/h1>\n<p>V\u00a0s\u00favislosti s nov\u00fdm nariaden\u00edm Eur\u00f3pskeho parlamentu a Rady (E\u00da) 2016\/679 o ochrane fyzick\u00fdch os\u00f4b pri sprac\u00favan\u00ed osobn\u00fdch \u00fadajov a vo\u013enom pohybe t\u00fdchto \u00fadajov, ktor\u00fdm sa zru\u0161uje smernica 95\/46\/ES a\u00a0z\u00e1kona \u010d. 18\/2018 Z.z. o\u00a0ochrane osobn\u00fdch \u00fadajov a\u00a0o\u00a0zmene a\u00a0doplnen\u00ed niektor\u00fdch z\u00e1konov v\u00a0platnom znen\u00ed nadobudn\u00fa s\u00a0\u00fa\u010dinnos\u0165ou od 25.05.2018 nov\u00e9 pravidl\u00e1 spracovania osobn\u00fdch \u00fadajov.<\/p>\n<p>Pros\u00edme V\u00e1s, aby ste t\u00fdmto inform\u00e1ci\u00e1m venovali n\u00e1le\u017eit\u00fa pozornos\u0165.<\/p>\n<h3><strong>Prev\u00e1dzkovate\u013e sprac\u00favaj\u00faci Va\u0161e osobn\u00e9 \u00fadaje<\/strong><\/h3>\n<p>vikkisoft s.r.o., Vavrineck\u00e1 6, 831 52 Bratislava, I\u010cO 51\u00a0070 782, zap\u00edsanej v Obchodnom registri Okresn\u00e9ho s\u00fadu Bratislava I, oddiel: Sro, vlo\u017eka \u010d\u00edslo: 122475\/B (\u010falej len \u201evikkisoft\u201c).<\/p>\n<h3><strong>\u00da\u010del spracovania osobn\u00fdch \u00fadajov<\/strong><\/h3>\n<p>Va\u0161e osobn\u00e9 \u00fadaje v\u00a0rozsahu titul, meno, priezvisko, trval\u00fd\/prechodn\u00fd pobyt, tel.\u010d. a e-mailov\u00e1 adresa sa spracov\u00e1vaj\u00fa na \u00fa\u010dely plnenia zmluvn\u00fdch povinnost\u00ed vikkisoft z\u00a0k\u00fapnej zmluvy, vr\u00e1tane reklam\u00e1ci\u00ed a\u00a0in\u00fdch s\u00favisiacich \u00fakonov.<\/p>\n<p>Va\u0161e osobn\u00e9 \u00fadaje sprac\u00favame v nevyhnutnom rozsahu aj pre \u00fa\u010dely marketingu, pri existuj\u00facich klientoch na z\u00e1klade opr\u00e1vnen\u00e9ho z\u00e1ujmu vikkisoft, ako prev\u00e1dzkovate\u013ea a pri nov\u00fdch klientoch, pokia\u013e od V\u00e1s m\u00e1me udelen\u00fd dobrovo\u013en\u00fd s\u00fahlas. Tento s\u00fahlas, ako i zasielanie marketingov\u00fdch materi\u00e1lov v pr\u00edpade existuj\u00facich klientov m\u00f4\u017eete kedyko\u013evek odvola\u0165 zaslan\u00edm e-mailu na adrese marianna.seligova@gmail.com alebo p\u00edsomne na adrese vikkisoft s.r.o., Vavrineck\u00e1 6, 831 52 Bratislava.<\/p>\n<h3><strong>Cookies<\/strong><\/h3>\n<p>T\u00e1to str\u00e1nka vyu\u017e\u00edva cookies a in\u00e9 technol\u00f3gie sledovania na rozl\u00ed\u0161enie jednotliv\u00fdch po\u010d\u00edta\u010dov, na individu\u00e1lne nastavenie slu\u017eieb, analytick\u00e9 a \u0161tatistick\u00e9 \u00fa\u010dely aj na prisp\u00f4sobenie zobrazenia obsahu a reklamy.<\/p>\n<p><strong>Na na\u0161ich webov\u00fdch str\u00e1nkach pou\u017e\u00edvame nasledovn\u00e9 typy s\u00faborov cookie:<\/strong><\/p>\n<p><blockquote class=\"wp-embedded-content\" data-secret=\"YURhYPkzuh\"><a href=\"https:\/\/www.vikkisoft.eu\/index.php\/zasady-pouzivania-suborov-cookie-eu\/\">Z\u00e1sady pou\u017e\u00edvania s\u00faborov cookie (E\u00da)<\/a><\/blockquote><iframe loading=\"lazy\" class=\"wp-embedded-content\" sandbox=\"allow-scripts\" security=\"restricted\" style=\"position: absolute; clip: rect(1px, 1px, 1px, 1px);\" title=\"&#8220;Z\u00e1sady pou\u017e\u00edvania s\u00faborov cookie (E\u00da)&#8221; &#8212; vikkisoft - partner pre v\u00fdvoj softv\u00e9ru a online marketing\" src=\"https:\/\/www.vikkisoft.eu\/index.php\/zasady-pouzivania-suborov-cookie-eu\/embed\/#?secret=4QU25Bvhzw#?secret=YURhYPkzuh\" data-secret=\"YURhYPkzuh\" width=\"600\" height=\"338\" frameborder=\"0\" marginwidth=\"0\" marginheight=\"0\" scrolling=\"no\"><\/iframe><\/p>\n<p>\u00a0<\/p>\n<h3><strong>Doba spracovania Va\u0161ich osobn\u00fdch \u00fadajov<\/strong><\/h3>\n<p>Spolo\u010dnos\u0165 vikkisoft uchov\u00e1va Va\u0161e osobn\u00e9 \u00fadaje iba po nevyhnutne potrebn\u00fa dobu, n\u00e1sledne s\u00fa pod doh\u013eadom zlikvidovan\u00e9. Va\u0161e osobn\u00e9 \u00fadaje s\u00fa spracov\u00e1van\u00e9 po dobu trvania zmluvn\u00e9ho vz\u0165ahu a\u00a0n\u00e1sledne s\u00fa uchov\u00e1van\u00e9 po dobu ur\u010den\u00fa osobitn\u00fdmi pr\u00e1vnymi predpismi, napr. z\u00e1konom o\u00a0arch\u00edvnictve, z\u00e1konom o\u00a0\u00fa\u010dtovn\u00edctve, da\u0148ov\u00fdmi z\u00e1konmi (spravidla 10 rokov) a\u00a0v\u00a0pr\u00edpade potreby sa tieto doby predl\u017euj\u00fa o\u00a0v\u0161eobecn\u00e9 preml\u010dacie doby (v r\u00e1mci mo\u017en\u00fdch s\u00fadnych konan\u00ed).<\/p>\n<h3><strong>Osoby, ktor\u00e9 maj\u00fa pr\u00edstup k\u00a0Va\u0161im osobn\u00fdm \u00fadajom<\/strong><\/h3>\n<p>Za \u00fa\u010delom mo\u017enosti poskytova\u0165 V\u00e1m komplexn\u00e9 a\u00a0kvalitn\u00e9 slu\u017eby spolo\u010dnos\u0165ou vikkisoft je nevyhnutn\u00e9, aby Va\u0161e osobn\u00e9 \u00fadaje boli poskytnut\u00e9 vybran\u00fdm osob\u00e1m, spolupracuj\u00facim s\u00a0vikkisoft. Ide o\u00a0servisn\u00e9 spolo\u010dnosti pre IT, advok\u00e1tske kancel\u00e1rie, da\u0148ov\u00e9 a\u00a0\u00fa\u010dtovn\u00e9 spolo\u010dnosti, po\u0161ta, kuri\u00e9rne spolo\u010dnosti a\u00a0\u010fal\u0161ie osoby nevyhnutn\u00e9 k\u00a0riadnej \u010dinnosti spolo\u010dnosti vikkisoft.<\/p>\n<p>vikkisoft pri v\u00fdbere zmluvn\u00fdch partnerov db\u00e1 na ich spo\u013eahlivos\u0165 a v zmluve so zmluvn\u00fdm partnerom s\u00fa v\u017edy ur\u010den\u00e9 aj pravidl\u00e1 ochrany osobn\u00fdch \u00fadajov.<\/p>\n<h3><strong>Va\u0161e pr\u00e1va<\/strong><\/h3>\n<p>Nov\u00e1 pr\u00e1vna \u00faprava V\u00e1m umo\u017e\u0148uje vyu\u017ei\u0165 v\u00a0s\u00favislosti so spracov\u00e1van\u00edm Va\u0161ich osobn\u00fdch \u00fadajov nasledovn\u00e9 pr\u00e1va. M\u00e1te pr\u00e1vo sa obr\u00e1ti\u0165 na vikkisoft a\u00a0zodpovedn\u00fa osobu a\u00a0po\u017eadova\u0165 pr\u00edstup k Va\u0161im osobn\u00fdm \u00fadajom (potvrdenie o\u00a0tom \u010di sa spracov\u00e1vaj\u00fa Va\u0161e osobn\u00e9 \u00fadaje). M\u00e1te pr\u00e1vo na inform\u00e1cie o\u00a0zdroji, z\u00a0ktor\u00e9ho poch\u00e1dzaj\u00fa osobn\u00e9 \u00fadaje, inform\u00e1cie ak\u00e9 Va\u0161e osobn\u00e9 \u00fadaje sa spracov\u00e1vaj\u00fa, pr\u00e1vo na v\u00fdmaz, opravu, pr\u00e1vo namieta\u0165, pr\u00e1vo na obmedzenie spracov\u00e1vania a\u00a0pr\u00e1vo na prenos Va\u0161ich osobn\u00fdch \u00fadajov k\u00a0inej osobe. V\u00a0pr\u00edpade ak to uzn\u00e1te za vhodn\u00e9, sa m\u00f4\u017eete so s\u0165a\u017enos\u0165ou obr\u00e1ti\u0165 aj na \u00darad na ochranu osobn\u00fdch \u00fadajov SR.<\/p>\n<p>V pr\u00edpade, ak m\u00e1te ak\u00e9ko\u013evek ot\u00e1zky v s\u00favislosti so spracov\u00e1van\u00edm Va\u0161ich osobn\u00fdch \u00fadajov, obr\u00e1\u0165te sa na spolo\u010dnos\u0165 vikkisoft, e-mail: marianna.seligova@gmail.com.<\/p>\n<p>\u00a0<\/p>\n<!-- \/wp:paragraph -->\t\t\t\t\t\t<\/div>\n\t\t\t\t<\/div>\n\t\t\t\t\t<\/div>\n\t\t<\/div>\n\t\t\t\t\t\t\t<\/div>\n\t\t<\/section>\n\t\t\t\t\t\t\t<\/div>\n\t\t","protected":false},"excerpt":{"rendered":"<p>Z\u00e1sady ochrany osobn\u00fdch \u00fadajov V\u00a0s\u00favislosti s nov\u00fdm nariaden\u00edm Eur\u00f3pskeho parlamentu a Rady (E\u00da) 2016\/679 o ochrane fyzick\u00fdch os\u00f4b pri sprac\u00favan\u00ed osobn\u00fdch \u00fadajov a vo\u013enom pohybe t\u00fdchto \u00fadajov, ktor\u00fdm sa zru\u0161uje smernica 95\/46\/ES a\u00a0z\u00e1kona \u010d. 18\/2018 Z.z. o\u00a0ochrane osobn\u00fdch \u00fadajov a\u00a0o\u00a0zmene a\u00a0doplnen\u00ed niektor\u00fdch z\u00e1konov v\u00a0platnom znen\u00ed nadobudn\u00fa s\u00a0\u00fa\u010dinnos\u0165ou od 25.05.2018 nov\u00e9 pravidl\u00e1 spracovania osobn\u00fdch \u00fadajov. Pros\u00edme [&hellip;]<\/p>\n","protected":false},"author":1,"featured_media":0,"parent":0,"menu_order":0,"comment_status":"closed","ping_status":"open","template":"","meta":{"footnotes":""},"class_list":["post-3","page","type-page","status-publish","hentry"],"_links":{"self":[{"href":"https:\/\/www.vikkisoft.eu\/index.php\/wp-json\/wp\/v2\/pages\/3","targetHints":{"allow":["GET"]}}],"collection":[{"href":"https:\/\/www.vikkisoft.eu\/index.php\/wp-json\/wp\/v2\/pages"}],"about":[{"href":"https:\/\/www.vikkisoft.eu\/index.php\/wp-json\/wp\/v2\/types\/page"}],"author":[{"embeddable":true,"href":"https:\/\/www.vikkisoft.eu\/index.php\/wp-json\/wp\/v2\/users\/1"}],"replies":[{"embeddable":true,"href":"https:\/\/www.vikkisoft.eu\/index.php\/wp-json\/wp\/v2\/comments?post=3"}],"version-history":[{"count":6,"href":"https:\/\/www.vikkisoft.eu\/index.php\/wp-json\/wp\/v2\/pages\/3\/revisions"}],"predecessor-version":[{"id":250,"href":"https:\/\/www.vikkisoft.eu\/index.php\/wp-json\/wp\/v2\/pages\/3\/revisions\/250"}],"wp:attachment":[{"href":"https:\/\/www.vikkisoft.eu\/index.php\/wp-json\/wp\/v2\/media?parent=3"}],"curies":[{"name":"wp","href":"https:\/\/api.w.org\/{rel}","templated":true}]}}